test common divisor of 13 and k?
13
Let z(y) = 7*y + 1497. Let a be z(61). Calculate the greatest common divisor of a and 104.
52
Let i be -3 - (-403)/39*3 - 12. Calculate the highest common factor of 198 and i.
2
Let o be ((-22)/(-2) - 1) + 6454/(-922). Calculate the greatest common factor of 501 and o.
3
Let t(s) = -s**2 + 48. Let g be t(0). Suppose 0 = 4*z - 12, 5*a + 5*z - 87 = g. What is the greatest common divisor of 72 and a?
24
Let h(s) = s**2 + 6*s - 92. Let v be h(-13). Let r be (291/(-9) - v)/((-8)/12). Calculate the highest common factor of 1 and r.
1
Let s = -92 - -243. Suppose 0 = 5*y + 2*c - 260, s = -4*y + c + 372. Suppose -198*j + y = -195*j. What is the greatest common divisor of j and 24?
6
Let l be -5*18/10*(294/9)/(-49). Calculate the greatest common factor of l and 1280.
2
Suppose s + 10*l = 6*l + 384, -5*l + 1845 = 5*s. Let g(q) = 28*q**2 + 4*q - 4. Let m be g(1). Calculate the greatest common factor of s and m.
28
Let n = 350 - 196. Let f be 1666/n - 4/(-22). What is the highest common divisor of 341 and f?
11
Let m(l) = l**3 + 4*l**2 - 19*l - 14. Let p be m(-6). Suppose p*q - 16 = 27*q. What is the greatest common factor of 4 and q?
4
Suppose -44*g = 2*j - 43*g - 1431, 4*j = -g + 2871. What is the highest common divisor of j and 2220?
60
Suppose -u = u. Suppose p + w + 5 = -5*p, -15 = -4*p + 3*w. Suppose 4*r + 3*g - 16 = p, 40 = 4*r - 3*g - u*g. Calculate the greatest common divisor of 1 and r.
1
Let w(c) = -43*c**3 - 2*c**2 + 1. Let n be w(-1). Suppose -61 = -l - n. What is the greatest common factor of l and 152?
19
Suppose 0 = r - w - 124, -644 = -5*r + 3*w - 32. Calculate the greatest common divisor of r and 5430.
30
Suppose 979 = 28*j - 11649. What is the greatest common factor of 22 and j?
11
Suppose 3*s = -w + 60, 4*w = -0*w + 4*s + 176. Suppose h + 0 = -7. Let a be (6/h)/(12/(-112)). What is the highest common divisor of a and w?
8
Let w = -24 + 48. Suppose 0*r - 2*m + 9 = r, 3*r = -5*m + w. Suppose 19*a - 27 = 18*a. What is the greatest common factor of r and a?
3
Let v = 896 - 860. Let a(g) = g**2 + g - 2. Let d be a(-7). Let q = d - 4. What is the greatest common divisor of v and q?
36
Let f be (189/(-12) - -4) + (-2)/8. Let r = f + 17. Suppose 0 = -r*a + 30 + 90. Calculate the highest common factor of 3 and a.
3
Suppose 2*n - 15 = -n - 5*b, -3*n = 4*b - 15. Let w = 8 - n. Suppose -1158*c + j - 8 = -1160*c, -4*c + j + 28 = 0. What is the highest common factor of w and c?
3
Let k(h) = -h**2 - 20*h + 44. Let v be k(-22). Let r be -3 + 0 + (85 - v - 2). What is the highest common divisor of r and 50?
10
Let c(x) be the second derivative of -x**4/12 - 3*x**3/2 - 9*x**2/2 + 5*x - 2. Let a be c(-4). Calculate the greatest common divisor of a and 121.
11
Let t = 245 - 140. Suppose 0 = 6*s - 9*s. Suppose -5*a + 36 = r, s*r + 5*r - 5*a - 90 = 0. Calculate the greatest common factor of r and t.
21
Suppose -35*x - 13*x + 1822 = 657 - 1475. Let w be 825/(-6)*(-4 + 0). What is the greatest common factor of x and w?
55
Suppose -g - 3*l + 35 = 0, -5*g = -2*l - 21 - 69. Calculate the greatest common divisor of 1620 and g.
20
Let i = 957 - 984. Let g be (0 - 0) + (49 - 3). Let y = i + g. What is the highest common divisor of y and 95?
19
Suppose 4*d + 31 - 231 = 0. What is the highest common divisor of 2050 and d?
50
Let u be (1 + 32)*172/12. Let g = -343 + u. Calculate the greatest common divisor of g and 26.
26
Suppose 0 = -5*h + 5*j + 872 + 2368, -5*h = -2*j - 3243. Let u = -106 + 165. What is the highest common factor of h and u?
59
Let z be (604/(-10))/(4/(-20)). Let o = z - 272. What is the greatest common divisor of o and 3?
3
Let q(c) = -c**3 + 15*c**2 + 24*c + 176. Let x be q(17). Calculate the greatest common factor of x and 2520.
6
Let n(l) be the second derivative of -7*l**3 - 35*l**2 - 176*l. Let p be n(-2). Calculate the greatest common factor of p and 112.
14
Suppose -c = 4, -5*x = -7*x + 3*c + 20080. Calculate the highest common factor of x and 58.
58
Let y(g) = 4*g**2 - 10*g + 27. Let v be y(4). Calculate the highest common factor of v and 2.
1
Suppose -y - 6 = -11. Suppose -3*t + 37 + 23 = 4*g, g + 77 = y*t. Calculate the greatest common factor of 12 and t.
4
Let i = 3397 - -1713. Calculate the greatest common factor of i and 140.
70
Suppose 91*q - 72*q - 931 = 0. Calculate the greatest common divisor of 7399 and q.
49
Let g(z) = 208*z - 12. Let h be g(1). Let l = 226 - h. What is the highest common factor of 120 and l?
30
Suppose 5*p = 127 + 68. Suppose 0 = 2*t + 2*s - 26, -17*t - 9*s + 102 = -13*t. Calculate the greatest common factor of t and p.
3
Let k be (-162 - -170)*(-2)/(-1). What is the greatest common divisor of 296 and k?
8
Suppose -p + 2*y + 9210 = 0, -2*y = -6*p + 7*p - 9198. Calculate the highest common divisor of p and 104.
52
Suppose -3*p = -35*k + 36*k - 441, -4*k + 1839 = -3*p. What is the highest common factor of 855 and k?
57
Suppose 4132 = k + 3*z, z + 215 = -4*k + 16710. Let a be k/98 + (-2)/28. Let f = -35 - -49. What is the greatest common divisor of f and a?
14
Let q = -61 - -112. Let d be (6120/(-128))/((-28)/448). What is the greatest common factor of q and d?
51
Let x be 1 + 0 - (-4 + (-816 - (6 + -2))). Calculate the highest common divisor of x and 7700.
275
Suppose 0 = -p + 4*g + 454, p = -3*g + g + 448. Let o = -150421 + 150471. Calculate the greatest common factor of o and p.
50
Suppose 30*r - 52*r + 31*r - 1152 = 0. What is the greatest common factor of 6048 and r?
32
Let p be 14/4*7332/987. What is the greatest common divisor of 1534 and p?
26
Let j(q) be the second derivative of q**5/20 - q**4/12 + 2*q**2 + q + 19. Let a be j(2). Calculate the greatest common factor of 24 and a.
8
Let u(m) = -m**3 - 16*m**2 + 38*m + 79. Let t be u(-18). Suppose -5*n = -0*n - 8385. What is the greatest common factor of n and t?
43
Suppose 0 = 2*u + 5 + 3, -4*x + 2*u + 3332 = 0. Calculate the greatest common divisor of x and 3.
3
Let c(z) be the second derivative of -z**4/12 - z**3 - 5*z**2/2 - z. Let n be c(-4). Let p = -4080 + 4113. What is the greatest common factor of n and p?
3
Let x(g) = -3*g - 27. Let i be x(-11). Suppose -32 = -8*u + i*u - 4*f, 15 = -5*f. Calculate the highest common divisor of 396 and u.
22
Let r(a) = -a**2 - 13*a + 17. Let w be r(-14). Suppose -l + 0*v + w*v = -17, 3*v = 3*l - 63. Let q = 25 - l. Calculate the greatest common factor of 20 and q.
2
Suppose -22*m = -23*m + 7. Suppose a + 0 = m. Let c be 81 + (-4)/(-14) + (-23)/a. Calculate the highest common divisor of 52 and c.
26
Suppose 0 = 242*u - 261*u + 3648. Suppose u = 6*y - 3*k, -3*k + 96 = 3*y + 2*k. What is the highest common factor of y and 96?
32
Suppose 10*x - 10199 - 1501 = 0. Suppose q = -17*q + x. Calculate the highest common divisor of q and 845.
65
Let a(u) = u**3 - 7. Let n be a(3). Let t(r) = r**2 - 22*r + 25. Let j be t(n). Let q be (j/6 + 1)*(-156)/18. What is the highest common factor of 169 and q?
13
Let n = 26 - -28. Let j = -13443 - -14145. Calculate the greatest common divisor of j and n.
54
Suppose 10*m = 77 + 64 - 41. Let c = -144 - -394. What is the greatest common factor of m and c?
10
Suppose 0 = -90*r + 88*r + 972. Let g = r + -430. What is the highest common divisor of 40 and g?
8
Suppose 5*u = -2*q + 131, -4*q = 2*u + q - 44. Suppose -8*g - 29 = u. Let k be -3 - 0 - g/(-3)*-3. Calculate the highest common divisor of k and 10.
2
Let y = -9717 - -9853. Calculate the highest common factor of y and 42908.
68
Let x(v) be the second derivative of v**5/20 + v**4/3 - v**3/3 + 3*v**2/2 + 4*v + 13. Let r be x(3). Calculate the highest common divisor of r and 80.
20
Let w = 1172 + -1165. Calculate the greatest common factor of w and 2317.
7
Let h = -31337 + 33759. What is the greatest common divisor of 5882 and h?
346
Suppose 0 = 4*r + g - 159, 4*g = -5*r - g + 195. Let b be r - (-8*2)/(-4). Suppose -b + 16 = -5*i. Calculate the highest common factor of i and 4.
4
Let j(t) = 5*t - 17. Let d be j(-5). Let n be d/(1/4*4). Let m be (-48)/(-56)*n/(-9). What is the highest common factor of 36 and m?
4
Let g(c) = 21*c**2 - 2815*c + 302. Let k be g(134). Let p be 9*4/(36/21). Suppose -p = -0*n - n. Calculate the greatest common factor of k and n.
21
Suppose -34 = a + 6. Let s be 4 + a/5 - -8. S